hird derivative of -z**6/120 + z**5/12 - z**4/24 + 5*z**3/6 - 2*z**2. Let n be (12/(-30))/((-1)/50). Suppose 0 = 4*q - 0*q - n. Determine j(q).
0
Let c(v) = -11*v + 2. Let x(h) = -2*h + 1. Let a(t) = -c(t) + 5*x(t). Calculate a(-8).
-5
Let k(u) = 2*u**3 + 8*u**2 - 4*u + 7. Let w(r) = -2*r**3 - 8*r**2 + 3*r - 8. Let x(l) = 7*k(l) + 6*w(l). What is x(-5)?
1
Let z(l) = -10*l**2 + 2*l + 1. Suppose -26*q + 8 = -44. Calculate z(q).
-35
Suppose 16*l + 20 = 11*l - 5*s, -l + 4 = -s. Let q(f) = f**2 - f + 8. Give q(l).
8
Let m(i) = 3*i**2 + 33*i + 14. Let c(b) = b**2 + 11*b + 4. Let h(u) = -11*c(u) + 4*m(u). Calculate h(-8).
-12
Let z(i) = 2 - 1 + 0 - 2. Let c(k) = -k. Let y be c(1). Let s(h) = 6*h**2 - 30. Let j(d) = y*s(d) + 30*z(d). What is j(1)?
-6
Let d(f) = f - 7. Let m(y) = y**3 + 4*y**2 + y - 2. Let u be m(-3). Suppose -s - u*s + 25 = 0. Let q be 210/(-28)*(-4)/s. Give d(q).
-1
Let f(k) = 7*k - 786 - 786 + 1572. Calculate f(-4).
-28
Suppose 0*d - 12 = 4*d. Let z(j) be the third derivative of -j**4/12 - j**2 + 16*j. Give z(d).
6
Let a(l) = -5*l**3 - 8*l**2 + l. Let z(n) = -8*n**3 - 9*n**2 + 1. Let m(i) = -3*a(i) + 2*z(i). Let b(k) = 6*k**3 + k - 1. Let q be b(1). Determine m(q).
-16
Let a(w) be the first derivative of -7/2*w**2 + 1/3*w**3 + 16 + w. Let u = 21 + -15. What is a(u)?
-5
Let b(i) = i**2 + 9*i + 8. Let a be b(-7). Let y(w) be the third derivative of -w**4/24 - 7*w**3/6 - 13*w**2. Calculate y(a).
-1
Let o(r) be the second derivative of -r**5/20 - r**4/3 - r**3/6 + 3*r**2 - 580*r. Give o(-2).
0
Let q(h) be the third derivative of 0*h - 1/6*h**3 - 1/360*h**6 - 7*h**2 + 0 + 1/20*h**5 - 1/6*h**4. Let b(m) be the first derivative of q(m). Calculate b(5).
1
Let m(j) = 7*j - 3. Suppose 5*z = 9 + 6. Let p be -1 - z/3*-3. Determine m(p).
11
Let q(u) = 5*u**3 - u**2 + 5*u - 5. Let s(w) = -2*w**2 + 35*w - 16. Let m be s(17). Calculate q(m).
4
Let p(q) = q**3 - 3*q**2 - 4*q + 4. Let x be (9/3)/(9/6). Suppose -x*c = c - 12. What is p(c)?
4
Let s(t) be the second derivative of 1/12*t**4 + 5/6*t**3 + 43*t + 0 - 4*t**2. Calculate s(-6).
-2
Let o(z) be the second derivative of 1 - z**2 + 4*z - 1/3*z**3. Calculate o(3).
-8
Let w = 7426 - 7417. Let d(c) = 4*c**3 - 12*c**2 + 3*c. Let n(x) = 5*x**3 - 13*x**2 + 4*x + 1. Let h(k) = 4*d(k) - 3*n(k). What is h(w)?
-3
Suppose 6*x - x = 245. Let v(h) = h - x*h**2 + 13*h**2 + 14*h**2 + 1 + 10*h**2. Calculate v(-1).
-12
Let l be (-1)/1 - (-12)/(-3). Let n(m) be the second derivative of 5/2*m**2 - 8*m - 1/6*m**3 + 0. Determine n(l).
10
Let c(p) = -1 + 39*p + 12*p - 44*p. Calculate c(2).
13
Let m(r) = -r**2 + 5*r + 12. Suppose -59*k + 62*k = 0. Calculate m(k).
12
Let w be (-12)/8*(-7 + 1/1). Let l be (3/w - 0)/(19/(-399)). Let s(h) = h - 10 - 2*h - h. Determine s(l).
4
Let k(y) = -11*y**2 - 8*y + 14. Let g(l) = 7*l**2 + 6*l - 9. Let b(q) = 8*g(q) + 5*k(q). Determine b(-6).
-14
Suppose 3*l - 256 = -277. Let y(q) = -q**3 - 6*q**2 + 3*q. Calculate y(l).
28
Let o(g) = 12*g**2 - 5*g**2 + 16*g**3 - 15*g**3 + 6. Determine o(-7).
6
Let s(b) = -b**3 + 7*b**2 - 7*b + 7. Suppose 4*z + 0*u = -u + 21, z = -u + 3. Determine s(z).
1
Let h be (-1)/(-3) + 4/(-12). Suppose -s + 0*s + 11 = h. Suppose -n - 4 = -2*w + s, -3*n - w - 17 = 0. Let d(i) = i**2 + 7*i - 6. Determine d(n).
-6
Let v(j) be the second derivative of j**7/2520 - j**6/720 + j**5/120 + j**4/12 + 2*j. Let z(c) be the third derivative of v(c). Give z(0).
1
Let o(k) be the third derivative of -k**7/840 + k**6/72 - 2*k**3/3 + 13*k**2. Let a(u) be the first derivative of o(u). Calculate a(5).
0
Let r(o) = -o - 10730 + 10717 - 8*o - o**2. Determine r(-7).
1
Suppose -j - 3*s = -15, 3*j - s = 2 + 3. Let d(m) = m**3 - 2*m**2 + 3*m + 4. Determine d(j).
22
Let s(b) = b**3 - 5*b**2 + 4. Let d be s(5). Suppose 5*h + 2 = 6*h. Let l(j) = 4*j**2 + 4*j + 3*j**h - j - 3*j**2 - 4 - j**3. What is l(d)?
8
Let l(n) = -14*n**2 - 30*n + 11. Let q(m) = 5*m**2 + 10*m - 4. Let s(g) = -6*l(g) - 17*q(g). Let k be s(10). Let t(p) = 9*p + 1 - k + 0. Give t(-1).
-10
Let w(z) = z + 9. Suppose -j = -5*j. Suppose -2*p - 2 = -j*p. Let n be (-1 - p)*(-8 + 7). Calculate w(n).
9
Let p(b) = 54*b - 3. Let a be p(2). Let n be (-1)/(-1)*1 + 2. Let r be a/(-18) - n/18. Let d(m) = 3*m + 9. Determine d(r).
-9
Let k(w) = w**2 - w - 3. Let z(x) = x + 1. Let q(d) = 7*d - 38. Let j(s) = q(s) - 2*z(s). Let t be j(9). Calculate k(t).
17
Let q(f) = 1. Let z(p) = -p - 20. Let l be z(-15). Let m(g) = -g**2 - 4*g - 9. Let n(o) = l*q(o) - m(o). What is n(-5)?
9
Suppose 0*v = 3*z - 4*v - 76, 4*z - 138 = -2*v. Let y be (-140)/(-18) + z/144. Let j(b) = 103 - 103 - y*b. Give j(1).
-8
Let w(z) = -3*z**3. Let n = 158 - 157. Calculate w(n).
-3
Let v(h) = 17*h - 1. Let d(c) = 16*c - 2. Let u(n) = 4*d(n) - 3*v(n). Let f(k) = -32*k + 12. Let p(i) = 5*f(i) + 12*u(i). Calculate p(-1).
4
Let t(n) = 20*n**2 + 8*n + 5. Let f(a) = -a**2 - a + 10. Let g be f(0). Let p(w) = -3 - w - g*w**2 - 3*w**2 - 4*w. Let i(x) = -8*p(x) - 5*t(x). Determine i(-1).
3
Suppose 0*y + y = 21. Let u be (6/y)/(6/42). Let o(k) = 6*k + 2. What is o(u)?
14
Let f be ((-21)/28)/((-3)/28). Let r(c) = 5 - 2*c - 11 + c**2 + f. Calculate r(5).
16
Let r(i) = -i**2 - 7 - 291*i + 144*i + 138*i. Let c = -16 + 10. What is r(c)?
11
Let y(o) be the second derivative of -o**8/3360 - o**7/630 - o**6/240 - o**5/120 + o**4 - 5*o. Let z(i) be the third derivative of y(i). Calculate z(-2).
5
Suppose 3*t = -5*t + 248. Let i = -24 + t. Let q(n) be the second derivative of -n**5/20 + 2*n**4/3 - 5*n**3/6 - 3*n**2 - n. Determine q(i).
8
Let a be (-8)/2 + (-85)/(-5). Suppose 5 = 2*l + a. Let b(f) be the third derivative of -f**6/120 - f**5/12 - f**4/24 + 5*f**3/6 + f**2. Determine b(l).
-7
Let q(a) = -2*a**2 - 11*a + 10. Let z(u) = -u**2 - 5*u + 5. Let n(c) = 6*q(c) - 13*z(c). Suppose -2*o = 4*d - 24, -4*d = -4*o - 0*o. Give n(d).
7
Let v(a) = 2*a**2 + 44*a + 233. Let h be v(-12). Let z(t) = -t**3 - 7*t**2 - 2*t + 5. Give z(h).
19
Let q(o) be the second derivative of -o**4/12 - 5*o**3/2 - 7*o**2/2 + 158*o - 1. Determine q(-15).
-7
Let g be 3*(4 - 1) + -3. Suppose 0 = 5*c - 31 + g. Let z(v) = -v + 6. What is z(c)?
1
Let j(q) be the second derivative of q**7/2520 + q**6/180 - q**5/30 - q**4/2 - 15*q. Let f(o) be the third derivative of j(o). Calculate f(-4).
-4
Let a(q) = -q + 9. Suppose 0 = 2*k - 19 + 5. Let u be (-2)/k - (-388)/(-14). Let j be (-12)/u - (-138)/21. Give a(j).
2
Suppose -2*u - 4 = 0, 5*d + u - 9 - 9 = 0. Let y(m) be the second derivative of m**5/20 - 5*m**4/12 + m**3/2 + m**2/2 - 7*m. What is y(d)?
-3
Suppose 2*y + 5*v = 14, -3*y = y + 5*v - 18. Suppose -2*i - r = -17, 3*i + 0*i - 15 = y*r. Let u(k) = i*k + 2 - 5*k**2 + 2*k**2 + 4*k**2 + 1. Determine u(-5).
-7
Suppose -a + 18 = a. Let w(x) = -x**2 + 9*x - 2. Let b be w(a). Let q(o) = 0*o**3 + 2*o**3 - 2*o + 3*o**3 - 3 - 4*o**3. Give q(b).
-7
Let h(j) = -4*j + 6*j - j. Let m(k) = -14*k + 6. Let a(d) = 10*h(d) + m(d). Let l = -177 + 181. What is a(l)?
-10
Let h(p) = 4*p - 7. Let j(f) = -f + 1. Let g(k) = -2*h(k) - 10*j(k). Let l(a) = -a - 1. Let d(s) = g(s) + 3*l(s). Let x = -5 - -10. What is d(x)?
-4
Let t be (6/9)/(6/99). Let a(q) = -q - 9 - 7 + 4 - t. Let o be a(-16). Let y(n) = n. Calculate y(o).
-7
Let m(u) = 20*u + 29. Let p(t) = 9*t + 14. Let w(f) = -4*m(f) + 9*p(f). What is w(-4)?
6
Let s(f) = 4*f + 1. Let k(w) = -17*w - 5. Let i(l) = 6*k(l) + 26*s(l). Let u be i(3). Let m(q) = -33*q**2 + q + 19*q**2 - 3*q**3 + q + 15*q**2. Determine m(u).
-16
Let x(d) = d**2 - 6. Suppose 63 = -i - 2*i. Let r = -21 - i. Determine x(r).
-6
Let s(f) = 10233 - 3*f - 3*f**2 - 10231 + 4*f**2. What is s(2)?
0
Let c(l) = 3*l. Suppose 2*y + 22 = 12*x - 8*x, 4*x - 18 = -2*y. Calculate c(x).
15
Suppose -5*d = 3*a + 65, 3*a + 46 = 4*d + 17. Let s = 10 + a. Let t(h) be the second derivative of h**4/12 + h**3/2 - 2*h**2 - 4*h + 1751. Give t(s).
6
Let j(t) = -3*t**3 - 3*t**2 + t + 2. Let n(r) = r**2 - 6*r + 7. Let f be n(6). Suppose 13 = -2*i - f. Let k be 3/6*(6 + i). Calculate j(k).
12
Suppose -12*j + 17*j = -3*h + 40, 0 = -3*j + 3*h. Let z(k) = -k**2 + 5*k - 1. Give z(j).
-1
Let m(a) = a**3 - 2*a - 1. Let o = -43 + 20. Let c = o - -22. Give m(c).
0
Let t be (-9)/2*4/(-3). Let p(g) = -11*g**3 - 25*g**2 + 39*g + 23. Let b(f) = -5*f**3 - 12*f**2